is the ten thousands digit of 28010?
2
What is the units digit of 20122?
2
What is the hundreds digit of 2782?
7
What is the thousands digit of 15403?
5
What is the units digit of 6152?
2
What is the thousands digit of 3901?
3
What is the tens digit of 17249?
4
What is the tens digit of 2130?
3
What is the hundreds digit of 290?
2
What is the hundreds digit of 56343?
3
What is the hundreds digit of 3793?
7
What is the hundreds digit of 9845?
8
What is the units digit of 33502?
2
What is the tens digit of 38?
3
What is the units digit of 667?
7
What is the thousands digit of 1187?
1
What is the tens digit of 1594?
9
What is the hundreds digit of 623?
6
What is the thousands digit of 30987?
0
What is the units digit of 987?
7
What is the thousands digit of 1333?
1
What is the units digit of 3436?
6
What is the units digit of 40?
0
What is the thousands digit of 3173?
3
What is the tens digit of 30976?
7
What is the thousands digit of 113054?
3
What is the tens digit of 5167?
6
What is the hundreds digit of 46523?
5
What is the units digit of 1168?
8
What is the units digit of 2088?
8
What is the units digit of 97?
7
What is the hundred thousands digit of 141850?
1
What is the tens digit of 5189?
8
What is the thousands digit of 31717?
1
What is the tens digit of 1068?
6
What is the units digit of 564?
4
What is the ten thousands digit of 33572?
3
What is the tens digit of 235?
3
What is the tens digit of 6499?
9
What is the hundreds digit of 9030?
0
What is the hundreds digit of 57707?
7
What is the tens digit of 701?
0
What is the units digit of 726?
6
What is the units digit of 659?
9
What is the tens digit of 3679?
7
What is the hundreds digit of 2929?
9
What is the tens digit of 3109?
0
What is the ten thousands digit of 109542?
0
What is the thousands digit of 13405?
3
What is the thousands digit of 122397?
2
What is the units digit of 1371?
1
What is the tens digit of 931?
3
What is the tens digit of 5303?
0
What is the ten thousands digit of 48500?
4
What is the units digit of 7287?
7
What is the thousands digit of 201807?
1
What is the hundreds digit of 2291?
2
What is the hundreds digit of 10120?
1
What is the units digit of 89334?
4
What is the hundreds digit of 856?
8
What is the units digit of 22588?
8
What is the hundreds digit of 3295?
2
What is the ten thousands digit of 69486?
6
What is the tens digit of 89882?
8
What is the thousands digit of 48852?
8
What is the hundreds digit of 296?
2
What is the hundreds digit of 56386?
3
What is the hundreds digit of 15218?
2
What is the thousands digit of 49547?
9
What is the hundreds digit of 13558?
5
What is the tens digit of 109347?
4
What is the units digit of 1528?
8
What is the thousands digit of 1366?
1
What is the tens digit of 32200?
0
What is the tens digit of 9729?
2
What is the thousands digit of 10086?
0
What is the tens digit of 809?
0
What is the hundreds digit of 231?
2
What is the units digit of 29376?
6
What is the units digit of 6156?
6
What is the units digit of 1495?
5
What is the tens digit of 2349?
4
What is the units digit of 1704?
4
What is the ten thousands digit of 10483?
1
What is the units digit of 931?
1
What is the tens digit of 377?
7
What is the hundreds digit of 9286?
2
What is the ten thousands digit of 46072?
4
What is the hundreds digit of 19790?
7
What is the units digit of 6621?
1
What is the units digit of 310?
0
What is the tens digit of 1925?
2
What is the thousands digit of 56928?
6
What is the hundreds digit of 206?
2
What is the units digit of 187110?
0
What is the thousands digit of 1150?
1
What is the thousands digit of 7502?
7
What is the thousands digit of 1034?
1
What is the units digit of 2456?
6
What is the thousands digit of 4921?
4
What is the units digit of 24457?
7
What is the ten thousands digit of 11161?
1
What is the ten thousands digit of 40202?
4
What is the hundreds digit of 59101?
1
What is the units digit of 24421?
1
What is the units digit of 3574?
4
What is the thousands digit of 2152?
2
What is the units digit of 6096?
6
What is the units digit of 283?
3
What is the thousands digit of 4295?
4
What is the units digit of 7736?
6
What is the thousands digit of 21149?
1
What is the ten thousands digit of 32108?
3
What is the units digit of 11478?
8
What is the ten thousands digit of 39108?
3
What is the ten thousands digit of 17136?
1
What is the thousands digit of 7738?
7
What is the tens digit of 14628?
2
What is the hundreds digit of 42036?
0
What is the units digit of 2066?
6
What is the thousands digit of 24763?
4
What is the tens digit of 2688?
8
What is the tens digit of 11179?
7
What is the thousands digit of 12453?
2
What is the hundreds digit of 120547?
5
What is the tens digit of 14527?
2
What is the thousands digit of 3474?
3
What is the thousands digit of 85391?
5
What is the ten thousands digit of 70043?
7
What is the ten thousands digit of 28998?
2
What is the hundreds digit of 1128?
1
What is the tens digit of 2016?
1
What is the hundreds digit of 26059?
0
What is the units digit of 174999?
9
What is the thousands digit of 9084?
9
What is the hundreds digit of 627?
6
What is the units digit of 707?
7
What is the hundreds digit of 100753?
7
What is the tens digit of 2388?
8
What is the tens digit of 681?
8
What is the tens digit of 810?
1
What is the hundreds digit of 11372?
3
What is the units digit of 899?
9
What is the ten thousands digit of 142240?
4
What is the units digit of 15119?
9
What is the thousands digit of 4028?
4
What is the units digit of 1545?
5
What is the hundreds digit of 93718?
7
What is the ten thousands digit of 55986?
5
What is the tens digit of 2123?
2
What is the units digit of 6478?
8
What is the units digit of 495?
5
What is the tens digit of 38678?
7
What is the tens digit of 3336?
3
What is the hundreds digit of 1266?
2
What is the hundreds digit of 22134?
1
What is the thousands digit of 25457?
5
What is the units digit of 1235?
5
What is the hundreds digit of 1397?
3
What is the units digit of 3244?
4
What is the tens digit of 38574?
7
What is the tens digit of 25148?
4
What is the tens digit of 7687?
8
What is the hundreds digit of 748?
7
What is the thousands digit of 18320?
8
What is the hundreds digit of 18620?
6
What is the hundreds digit of 3310?
3
What is the tens digit of 1561?
6
What is the tens digit of 17168?
6
What is the ten thousands digit of 40111?
4
What is the tens digit of 5185?
8
What is the hundreds digit of 34625?
6
What is the tens digit of 1189?
8
What is the units digit of 310?
0
What is the units digit of 75056?
6
What is the units digit of 64412?
2
What is the thousands digit of 3576?
3
What is the thousands digit of 8031?
8
What is the units digit of 10680?
0
What is the tens digit of 1016?
1
What is the thousands digit of 2465?
2
What is the units digit of 2338?
8
What is the units digit of 11221?
1
What is the ten thousands digit of 17958?
1
What is the hundreds digit of 818?
8
What is the ten thousands digit of 11446?
1
What is the tens digit of 294?
9
What is the units digit of 1041?
1
What is the tens digit of 1598?
9
What is the tens digit of 33955?
5
What is the units digit of 1053?
3
What is the units digit of 3674?
4
What is the units digit of 190?
0
What is the hundreds digit of 26747?
7
What is the units digit of 2889?
9
What is the units digit of 8510?
0
What is the hundreds digit of 1034?
0
What is the hundreds digit of 1024?
0
What is the tens digit of 590?
9
What is the thousands digit of 3109?
3
What is the hundreds digit of 634?
6
What is the hundreds digit of 1465?
4
What is the units digit of 55125?
5
What is the tens digit of 11581?
8
What is the units digit of 117?
7
What is the units digit of 3348?
8
What is the ten thousands digit of 36897?
3
What is the units digit of 2566?
6
What is the units digit of 365?
5
What is the thousands digit of 2215?
2
What is the thousands digit of 16022?
6
What is the hundreds digit of 116?
1
What is the thousands digit of 2101?
2
What is the hundreds digit of 8773?
7
What is the thousands digit of 2262?
2
What is the thousands digit of 9908?
9
What is the thousands digit of 6227?
6
What is the units digit of 9852?
2
What is the ten thousands digit of 19783?
1
What is the thousands digit of 7568?